= 2958 + -2951. What is b(w)?
69
Let z(l) = 59*l**2 - 47*l**2 + 0*l**3 + 15 - l**3 + 12*l. Let a be z(13). Let u(v) = -a + v - 5 + 4. Calculate u(-5).
-8
Let j = 21294 + -21300. Suppose 3*v - 36 + 9 = 0. Let c(s) = -v + 3*s - s**3 - 6*s**2 - 5*s + 3. What is c(j)?
6
Let q(w) = -w**2 + 8*w + 1. Let c be (-84)/(-21) - -9 - (-1 + 5). What is q(c)?
-8
Let y(x) be the second derivative of -x**4/12 + 5*x**3/3 - 4*x**2 - 6568*x. Let o = 20 - 12. Calculate y(o).
8
Let z(y) = -y**3 - y**2 + 3*y - 3. Let c be z(-3). Suppose 5*j + 21*j - 104 = 0. Suppose -3 = -f + i - c*i, j*i = 3*f + 29. Let g(n) = 3*n + 7. Give g(f).
-14
Let g(t) = -t**2 - 8*t - 6. Suppose -5*v = -q + 25, -q + 21 = -v + 16. Suppose q = 46*i + 179 + 143. Determine g(i).
1
Suppose 0*n = -3*n - 9. Let w be -1 - n - 16/2. Let l(h) be the third derivative of -h**5/60 - 5*h**4/24 + 7*h**3/6 + 10*h**2 + 29*h. Determine l(w).
1
Let j(h) = 15*h - 4 - 2*h - 16*h - 2 + h**2. Let w = 535 - 539. Give j(w).
22
Suppose 4*z = 9 + 7. Suppose 4*o - 7 = -c, o = -c + 3*o + 1. Let v(w) = -4*w + 4 + 6*w**2 + 0 + 1 + 0*w - w**c. Calculate v(z).
21
Let l = 5729 + -5719. Let f(g) = -4*g + 49. What is f(l)?
9
Let a(q) = -3*q - 1. Suppose -5 = n - 9. Suppose 40 = n*d - 6*d. Let m be ((-2 - 1) + -2)*(-8)/d. What is a(m)?
5
Let m(n) be the second derivative of -n**4/6 + n**3 - n**2/2 - 327*n - 2. Calculate m(7).
-57
Let f(h) = 15*h**3 - 110*h**2 + 27*h + 4. Let q(i) = 7*i**3 - 50*i**2 + 13*i + 1. Let b(k) = -6*f(k) + 13*q(k). Suppose 0 = -2*a + a - 9. Give b(a).
7
Let z(t) = 4*t**3 + 97*t**2 - 58*t + 149. Let m(h) = 3*h**3 + 65*h**2 - 33*h + 99. Let b(c) = 7*m(c) - 5*z(c). Determine b(28).
32
Let w(f) = -1 - 4 - 11 + 5*f - 6*f. Determine w(-4).
-12
Let f(c) be the second derivative of 6*c + 1/2*c**2 + 2/3*c**4 + 0*c**3 - 1. Give f(-2).
33
Let t(i) = i - 1. Suppose -2*j = -9*j + 42. Let h be 1 - 3/j*-62. Suppose -37*o = -h*o + 30. Give t(o).
-7
Suppose 2*j = 5*y - 2*j - 41, -39 = -4*y - 3*j. Suppose 0 = l - y - 2. Let h(q) = -3*q - 6. Let g(z) = -8*z - 19. Let m(o) = l*h(o) - 4*g(o). Calculate m(7).
3
Let w(o) = o**3 + 21*o**2 + 40*o + 20. Let x be -38*(3 - ((46 - 43) + 2/(-4))). Give w(x).
-18
Let q be -4 - ((-150)/21 + (-14)/(-98)). Suppose q*s = -2*z - 5, 11 = 9*z - 5*z - s. Let l(b) = 2*b + 4*b - 3*b - 2 - 2*b**2. Give l(z).
-4
Suppose 2*t + 0 = 10. Let r = -476 + 713. Let a(d) = -229*d + 7 - r*d + 464*d. Give a(t).
-3
Let l(d) = -11*d**3 + 10*d**2 + 24*d - 6. Let r(f) = 14*f**3 - 8*f**2 - 26*f + 3. Let a(h) = 5*l(h) + 4*r(h). What is a(-17)?
-1
Let x(g) = -g**2 - 7*g + 34. Let k be (-1)/9 - (-1 - (-28)/(-9)). What is x(k)?
-10
Let b(g) = -7 - 6*g**2 - 2*g - 2 - g**3 + 1 + 9. Suppose 0 = 7*q - 6*q - 42. Let o = q - 48. Give b(o).
13
Let o(n) = n**3 + 6*n**2 + 7*n - 6. Let t(x) = x**3 + 7*x**2 + 9*x - 7. Let l = -298 - -301. Let m(f) = l*t(f) - 4*o(f). What is m(0)?
3
Let h(n) = n**2. Let p(u) = -1 + 14*u**2 + 5*u**2 - 734*u + 735*u. Let w(b) = 6*h(b) - p(b). Give w(1).
-13
Let y(j) = 3*j**2 + 8*j + 14. Let s(p) = 7*p**2 + 18*p + 30. Let c(u) = 2*s(u) - 5*y(u). What is c(-4)?
-10
Let l(m) = -24*m - 3222190 + 3222319 - 42*m. Calculate l(2).
-3
Suppose 3*i - 19 = -10. Let r(g) be the first derivative of -10*g**i + 4*g**3 - 3*g**2 + 8*g**3 - 4 + 4*g**2 + g. What is r(-1)?
5
Let x(c) = c - 3. Let i(u) = 5. Let k(m) = -6*i(m) - 10*x(m). Let n(a) = a**3 + 7*a**2 + 5*a - 6. Let o be n(-6). Let f = o - -1. Give k(f).
-10
Let p(m) = 2*m - 3. Suppose 2*n - 27 = -45. Let g(z) = 8*z + 71. Let b be g(n). Calculate p(b).
-5
Let i(z) = 27*z + 274. Suppose -3*u - 32 = 5*t + 30, -7*t + u = 66. Determine i(t).
4
Let b(o) = 1606648 - 4*o - 1606647 + 2*o - o**2. Let f(s) = -s + 2. Let a be 3*((0 - -4) + -2). Let u be f(a). Calculate b(u).
-7
Let k(t) = -t**2 + 19*t - 13. Let s be k(18). Let i be -3 - (2 - (s - 2)). Let v(g) be the third derivative of -g**4/6 - 2*g**3/3 - 11*g**2 - 3. What is v(i)?
4
Let l(x) = 316*x - 275 - 310*x + 269. Calculate l(0).
-6
Let r(g) = -g**3 - 8*g**2 - 2*g - 15. Let l be r(-8). Let s be (147/98)/(l/2). Let o(k) = k**3 - 2*k**2 - 2*k + 1. Calculate o(s).
4
Let p(t) = -t + 5. Suppose -2*n + x + 710 = 0, -3*n + 792 = 4*x - 284. Let s = -356 + n. Determine p(s).
5
Suppose 0 = 48795*l - 48787*l - 24. Let y(b) = 0*b + 1 - 2*b + 0*b. What is y(l)?
-5
Let m(j) = -j**3 + 4*j**2 + 7*j - 2. Suppose 3*w - 3*a - 39 = 33, -4*a - 48 = -2*w. Suppose 6*p - 54 = -w. Calculate m(p).
8
Let c(h) = -2*h**2 - 14*h - 31. Let l be c(-3). Let s(p) = p**3 + 11*p**2 + 36*p + 55. Determine s(l).
-1
Let c(t) = -9*t**3 + 13*t**2 - 43*t + 160. Let r(x) = 5*x**3 - 6*x**2 + 21*x - 85. Let l(w) = 6*c(w) + 11*r(w). Calculate l(-14).
11
Suppose -5*z = 4*s + 18, 106*s - 10 = z + 110*s. Let w(m) = 9*m**3 - m - 1. Give w(z).
-71
Let t(y) = -29*y + 13. Suppose 5*k + 16*f + 15 = 20*f, -k + 2*f = 3. What is t(k)?
100
Let n(r) = 24*r + 11. Let b(q) = 28*q**3 - 169*q**2 + q + 28. Let s be b(6). Give n(s).
-37
Let p(m) = m**3 + 7*m**2 - 1. Suppose 879 = -7*q - 262. Let v = q - -156. Determine p(v).
-1
Suppose 40 = -4*s + 36, 3*s = -2*d + 45. Let f be (204/18 - 12)/((-2)/d). Let j(c) = -2*c + 7. Determine j(f).
-9
Let g(q) be the second derivative of -q**6/360 - 7*q**5/120 - 9*q**3 - 53*q. Let d(f) be the second derivative of g(f). What is d(-10)?
-30
Let l = 52 + -48. Let f(i) = -i - 2. Let h(z) = -z - 13. Let o be h(-15). Let t(b) = -1. Let j(s) = o*f(s) - 3*t(s). Give j(l).
-9
Let s(f) = -2*f**2 - 65*f - 27. Let o be s(-30). Let l = o - 121. Let h(j) = 22*j**3 + 1 - 14*j**3 + j - j**l + 0*j**2. What is h(-1)?
-9
Suppose 0 = -9*k + 1 + 341. Let u(s) = 13*s - k*s + 17*s - 6 + 5*s. Calculate u(-3).
3
Let y(i) be the second derivative of 5*i**3/2 + 113*i**2/2 - 6083*i. Determine y(-9).
-22
Let n(f) be the second derivative of f**5/20 - f**4/12 - f**3 + f**2 + 4*f + 341. Calculate n(3).
2
Suppose 4*p - 34 = b, 20*p = -3*b + 19*p - 24. Let r(x) = -3*x + 8. Calculate r(b).
38
Let a(i) = -11*i + 39. Let f(y) = 20*y - 87. Let t(d) = 5*a(d) + 2*f(d). Give t(2).
-9
Let x(t) = 11*t**2 - 25*t + 16. Let f(j) be the third derivative of -j**5/12 + j**4/2 - 4*j**3/3 - 27*j**2 + j. Let w(g) = -13*f(g) - 6*x(g). Determine w(-7).
1
Let m(y) be the first derivative of 0*y - 1/3*y**3 - 5/2*y**2 + 247. Give m(-6).
-6
Let m(y) = y - 5*y**2 + 93 + 4*y**2 - 69. Let r be m(-5). Let x(d) = 9*d + 3. Calculate x(r).
-51
Let n be 12/(-10)*(-15)/6. Let u(l) = -l**2 + 3*l + 6. Let p(x) = 128 - 64 - 71 + x**2 - 3*x. Let h(j) = 4*p(j) + 5*u(j). Determine h(n).
2
Suppose -4*i + 3*i + 18 = 0. Let o be 63/45 + (-6)/(-10). Let f(p) = o*p**2 - 17*p**3 + 39*p**3 - i*p**3 + p. What is f(-1)?
-3
Let c(u) = -u**2 - 5*u + 4. Let g(d) = 172*d + 856. Let l be g(-5). Calculate c(l).
8
Let w be 2/(-5) + 68/20. Let a(m) = -2*m + 9. Give a(w).
3
Let s(w) = w**2 + 2*w + 1. Let c be s(3). Let l(n) = -26*n + 11*n + 3 + c*n. What is l(2)?
5
Suppose -144 + 50 = 59*s + 83. Let t(o) = -31*o - 88. Determine t(s).
5
Let f(c) = -13*c**3 + 40*c**2 - 22*c + 30. Let r(w) = -10*w**3 + 30*w**2 - 16*w + 24. Let b(x) = -7*f(x) + 9*r(x). Let d be 6/(-21) - 65/(-7). Give b(d).
15
Let l(x) = x**3 + 4*x**2 - 3*x + 6. Let o be -5 - -1 - -11 - 2*2. Suppose -o*c - 84 = -69. Let t be 2*(15/(-2))/c - 8. Give l(t).
-4
Let y(o) = 28*o - 22. Let s be y(13). Suppose 336*v = s*v + 6. Let w(j) = -j + 3. Determine w(v).
4
Suppose -112*s + 10 = -326. Let p(a) = -28*a + 81. What is p(s)?
-3
Let f(j) = -5*j + 4. Let p(c) = 26*c - 25. Let q(o) = 17*o - 16. Let x(b) = 5*p(b) - 8*q(b). Let h(d) = -7*f(d) + 6*x(d). What is h(-10)?
0
Let u(i) be the second derivative of -7*i**4/12 - i**3/2 + 11*i**2/2 - 18*i + 1. Let o(s) = 5*s**2 + 2*s - 9. Let g(r) = 5*o(r) + 4*u(r). Give g(2).
-17
Let t(z) = 2*z**2 - 4*z + 4. Let u be t(1). Let s(v) = 2*v**2 - 2*v**u - 99 - v**3 + 100. Give s(3).
-26
Let f(k) = 350*k + 12253. Let i be f(-35). Let w(d) = -d**3 + 2*d**2 - 2*d + 5. Give w(i).
-10
Let l = -146 + 156. Let t(a) = a**2 - 2*a + a**2 + a**3 + 4*a**2 + 3 - l. Let x be ((-6)/5)/((-4)/(-20)). Calculate t(x).
5
Let i be ((-340)/102 - 30/(-36))*(-28)/10. Let o(x) = x**2 - 6*x + 26. Determine o(i).
33
Let n = -3694 + 3694. Suppose -7*x = -3*x - 20. Suppose n*o - x*o = 20. Let y(f) = f**3 + 5*f**2 + f + 1. Give y(o).
13
Let k(s) = -49*s - 543